e -2*v + 84 = 2*a + 2*a, -3*v = 5*a - 124. List the prime factors of v.
2, 19
Suppose 0 = 4*i - 0*i - 108. Suppose -5*v = -w + 4*w - 3, -5*v + 3*w + i = 0. List the prime factors of v.
3
Suppose 2 = s + 1. Let k be s - (4 - 2) - 3. Let n = 11 + k. What are the prime factors of n?
7
Suppose 2*t - 18 + 6 = 5*r, -5*r = -5*t. What are the prime factors of (4/3)/(r/(-6))?
2
Suppose 30 = 4*z - 5*r, -6 + 20 = 4*z + 3*r. Let g(h) = h**3 + 6*h**2 - 6*h - 4. Let s be g(-5). Suppose z*j + 6 - s = 0. What are the prime factors of j?
3
Let j be 8/(-12)*3*-2. Suppose -j*w + 13 = -3. What are the prime factors of w?
2
Suppose 5*f - 19 - 16 = 0. Suppose -v - z + f = 0, -z = -2*v + 3 + 8. Let u = 8 - v. What are the prime factors of u?
2
Suppose 2*d - 7*d = -590. List the prime factors of d.
2, 59
Let n = 33 + -7. List the prime factors of n.
2, 13
Suppose -m - 8*m = -837. What are the prime factors of m?
3, 31
Suppose -5*l + 227 = -278. List the prime factors of l.
101
Let q(j) = j**3 + j**2 + 10. Let y be q(0). Suppose 3*n = n + y. Suppose 5*f = -3*g + 27 + n, -3*g + 2*f + 4 = 0. List the prime factors of g.
2
Suppose -8 = -2*s - 2*s. Let z(c) = -5*c + 2*c**2 + 0*c**s + 4*c. What are the prime factors of z(2)?
2, 3
List the prime factors of 4/3*306/12.
2, 17
Suppose -3*r = -75 - 87. What are the prime factors of r?
2, 3
Let b(z) = 4*z**2 + 3*z - 3. Let q(t) = -12*t**2 - 9*t + 8. Let x(d) = 7*b(d) + 2*q(d). List the prime factors of x(-4).
47
Let t(a) = a**3 - 5*a**2 + 10. What are the prime factors of t(6)?
2, 23
What are the prime factors of (3 + -4 - 1) + 50?
2, 3
Suppose -4*z - 2*z = -630. List the prime factors of z.
3, 5, 7
Let b be 8/((-2)/(1 + 1)). Let c = 12 + b. Suppose -4 = c*o + 4, 2*x + 3*o - 4 = 0. List the prime factors of x.
5
Suppose -84 = 6*g - 10*g. Suppose 2*m - g = -q, -3*m = 4*q + 2*m - 93. List the prime factors of q.
3
Let u(f) = -f**2 + 8*f - 4. Let w be u(8). Let i(a) = -a**3 - 4*a**2 + 4. Let k be i(w). Let o(m) = -m + 9. List the prime factors of o(k).
5
Suppose -2*j - 4*l = -1 - 9, -4*l = 3*j - 11. What are the prime factors of (j/3)/(3/90)?
2, 5
Let o(f) = -13 - f - 3*f - 13*f. Let m(b) = 8*b + 6. Let g(z) = -7*m(z) - 3*o(z). List the prime factors of g(-2).
7
Let r(q) = 3*q**2 + 34*q + 26. List the prime factors of r(-13).
7, 13
Suppose 0*u = 3*z - 4*u - 137, 0 = z + 3*u - 24. What are the prime factors of z?
3, 13
Let t(o) = o**2 - o + 1. Let j(f) = -f**3 + 2*f**2 - 2*f - 1. Let n(x) = -j(x) + t(x). Let u be n(-2). List the prime factors of (-25)/(-4) - 9/u.
7
Suppose -15 = -3*s - 2*s - 2*c, 3*s - 4*c = 9. What are the prime factors of 0 + (-3)/(s/(-8))?
2
Let y = 237 + -62. What are the prime factors of y?
5, 7
Let f(q) = -q**2 - q + 3. Let w be f(0). What are the prime factors of w/3 + (-2 - -6)?
5
Let l be 2/5 - 741/15. Let k = l + 70. What are the prime factors of k?
3, 7
Let h = -62 + 120. What are the prime factors of h?
2, 29
What are the prime factors of (6 - -11) + (1 - 2)?
2
Suppose 0 = -5*d - 2*p - 17, -5*d + 2*p = 5*p + 13. Let x = -3 - d. Suppose -5*w + 2*t = -27, 4*t = x*w - 0*t + 2. What are the prime factors of w?
7
Suppose 0 = -5*p + 5*h + 50, 0*h + 20 = 3*p + 2*h. Suppose -3*s = -4*x - 0 + 7, 0 = 5*x + 4*s - 32. Let m = p - x. List the prime factors of m.
2
Suppose -3*f = 5*v - 43, 3*v - 23 = f - 0*f. Let p = -2 + v. List the prime factors of p.
2, 3
Suppose 4*l = -l. Let u(x) = -x + 3. Let z be u(l). Suppose -3*a = -q - 6, -a - z*a = -12. What are the prime factors of q?
3
Let k be 76*(-1 - 1)*1. List the prime factors of 3/(-15) + k/(-10).
3, 5
Let j(i) = i**2 - 7*i + 6. Let y be j(6). Suppose y*p - 5*p + 53 = -q, -q - 9 = -p. Suppose 2*x = p + 5. What are the prime factors of x?
2
Let x(v) = -6*v - 36. What are the prime factors of x(-20)?
2, 3, 7
What are the prime factors of (-66)/(1/(-2) - 1)?
2, 11
Let d(p) = 1 + p + 2*p - 7. Let r be d(9). List the prime factors of (-4)/(-14) + 141/r.
7
Let c(i) = i + 5. Let m be c(0). Suppose 65 + 293 = m*k + x, 4*x = -8. Suppose l + k = 5*g, -2*g - 2*l + 36 = -0*g. List the prime factors of g.
3, 5
Let g be (1 - 1)*(-5 - -6). Let m(w) = w**3 + 3. List the prime factors of m(g).
3
Let d be 4/4*(-59)/(-1). Let m = d - 19. What are the prime factors of m?
2, 5
Let q(x) = -4*x + 1. Let d be q(-2). Let m = d + 5. What are the prime factors of m?
2, 7
Suppose 4*c = 269 - 121. What are the prime factors of c?
37
Let p be (-84)/(-3)*(-3)/(-4). Suppose -2*v + p = 7. Suppose 2*a - 39 = -2*a - 3*i, 0 = 3*a - 5*i + v. What are the prime factors of a?
2, 3
Let j be 2/(-5) - 196/10. Let v = -14 - j. What are the prime factors of v?
2, 3
Let j be (-1 + -1)*(-1)/2. Let h be (j/(-1) + -1)*-2. List the prime factors of (-1 - -3) + (12 - h).
2, 5
Suppose 0 = -5*m - 0*h + 3*h + 55, 0 = 4*m - 2*h - 42. Suppose -3*t = 3*v + 9, 4*v + 19 + m = t. Let j = -4 - v. What are the prime factors of j?
2
Suppose 234 = -x + 4*x. List the prime factors of x.
2, 3, 13
Suppose -2*k = -7 + 1. Suppose -z - k*z = -84. Let s = z + -8. What are the prime factors of s?
13
Suppose -89 - 171 = -5*l. What are the prime factors of l?
2, 13
Let o be ((-140)/(-21))/(4/6). Suppose -38 + o = -g. List the prime factors of g.
2, 7
Let o be 5/1*(-3)/(-5). Suppose o*k - 6*k - 9 = 0. What are the prime factors of (1 - -1) + (k - -8)?
7
Let n(y) = y + 1. Let l be 2 - (-6 + 0 + 1). List the prime factors of n(l).
2
Suppose 21 = r + 3*n, -2*r + n + 63 = -0*n. List the prime factors of r.
2, 3, 5
Suppose -3*g - 9 = 0, s - 4*g = -2*s + 21. List the prime factors of s.
3
Let s be 2796/68 - 2/17. Let r = -2 + s. List the prime factors of r.
3, 13
Let j(h) = -h**2 - 5*h + 4. Let m be j(4). Suppose -5*n = 111 + 114. Let u = m - n. List the prime factors of u.
13
Let x(y) = y**2 + 1 - 3*y + 12*y + 2. Let h be x(-9). Suppose h*k - 21 = -0*k. What are the prime factors of k?
7
Suppose -6*k + 1750 = 8*k. What are the prime factors of k?
5
Let c = 41 + -10. What are the prime factors of c?
31
Suppose 23 + 103 = 7*a. What are the prime factors of a?
2, 3
Let t be (-3 + 1)/(8/(-236)). Suppose -t = -5*r - 2*v, -2*v + 7*v = 10. What are the prime factors of r?
11
Let p be (2 - 4)/((-2)/32). Suppose j - p = -j. What are the prime factors of j?
2
Let y = 7 - -7. Let w = y - 2. What are the prime factors of w?
2, 3
Suppose 18 = 5*j - 22. List the prime factors of j.
2
Suppose -4 = -5*v + 11. List the prime factors of v.
3
Let h = -66 + 116. List the prime factors of h.
2, 5
Suppose 5*t + 2*w - 53 = -3, w - 19 = -2*t. List the prime factors of t.
2, 3
Let h(y) = -y**2 + 3*y + 3. Let t be h(6). Let l = 14 - -12. Let a = t + l. List the prime factors of a.
11
Suppose 48 = c - 23. List the prime factors of c.
71
Let q = 16 - 13. Suppose 4*p + q*h + 13 = 44, -2*h = 3*p - 22. List the prime factors of p.
2
Let o be ((-4)/6)/((-8)/48). Suppose x + 6 = o*x. List the prime factors of x.
2
Let t = 77 - 1. What are the prime factors of t?
2, 19
Let d = -3 - -3. Suppose d = -4*z + 191 - 71. What are the prime factors of z?
2, 3, 5
Let z(g) = -2*g - 11. Let p be z(-8). Suppose -n = -p*n + 2*k + 36, 36 = 4*n + 2*k. List the prime factors of n.
3
Let s(p) = -3*p**2 - 4*p + 5. Let k(j) = 4*j**2 + 5*j - 6. Let y(u) = -2*k(u) - 3*s(u). List the prime factors of y(3).
2, 3
Suppose -y = -3*p + 46 + 38, 0 = y. Let q = -21 + 33. Let h = p - q. List the prime factors of h.
2
Suppose 12 = u + 2*u. Suppose -3*k = -k - 3*r + 8, -3*k + 5*r = 14. Suppose -2*z + 3*z = k*j + u, z = 4*j + 2. List the prime factors of z.
2, 3
Let a(d) = -3*d + 9. What are the prime factors of a(-8)?
3, 11
Suppose -d = 2*d + 2*n - 53, 3*n - 3 = 0. Let m = 49 - d. What are the prime factors of m?
2
Let q be (-30)/9*(-6)/4. Suppose q*h = 92 + 33. List the prime factors of h.
5
Let n = -14 - -25. What are the prime factors of n?
11
Let h = -1 + 3. What are the prime factors of h?
2
Let q be 368/(-10) + (-1)/5. Let z be ((-1)/(-2))/(1/(-38)). Let y = z - q. List the prime factors of y.
2, 3
Suppose 0 = -8*t + 6*t + 664. What are the prime factors of t?
2, 83
Let s = 10 + -5. Let m = s + -3. List the prime factors of m.
2
Suppose r + t - 10 = 1, 5*r + 2*t - 40 = 0. Suppose -5*z + 37 - 8 = -4*u, -z + r = -u. Suppose 0*l - l = -2*p + 17, z*l = 4*p - 49. List the prime factors of p.
2, 3
Suppo